g - 14. Let y(b) = 2*a(b) - o(b). Let z be y(n). Give r(z).
10
Let y(b) = 21*b**2 + 30*b - 1. Let h(r) = 22*r**2 + 21*r. Let n(f) = 3*h(f) - 2*y(f). Determine n(-1).
23
Let u(m) = m**2 + 43*m - 43. Let w be u(-44). Let h(v) = 19*v. Give h(w).
19
Let b(j) = j**3 - 14 - 6*j**2 + 6 - 2 - 10*j**2 + j. Determine b(16).
6
Let y(a) = -5*a - 122. Let t be y(-23). Let v(p) = p**2 + p - 1. Determine v(t).
41
Let y = -23 + 25. Let s(l) be the second derivative of -l**5/30 + l**4/24 - l**3/3 - 3*l. Let r(u) be the second derivative of s(u). Calculate r(y).
-7
Suppose -16*i - 104 = -3*i. Let c(s) = -2*s - 3. Let z(f) = -3*f - 5. Let g(q) = i*c(q) + 5*z(q). Give g(2).
1
Let u(k) = k**3 - 6*k**2 + 2. Let p(s) = -s**3 - 9*s**2 - 13*s - 6. Let j be p(-5). Let r = j - -47. Determine u(r).
2
Let n be (8 - 7)/(2/16). Let s be n/32 + (-7)/(-4). Suppose -s*k + 15 + 1 = 4*f, -2*f - 8 = -3*k. Let u(t) = -5*t - 2. What is u(f)?
-12
Let w = -13 - -15. Let z(u) = -u**2 - u - 1. Let s(q) = -7*q**2 - 2*q - 4. Let x(l) = s(l) - 3*z(l). Give x(w).
-15
Suppose -9*z = -4*z + 4*z. Let y(t) = -4*t**2 + 4*t + 6. Let s(k) = 11*k**2 - 11*k - 17. Let u(f) = 3*s(f) + 8*y(f). What is u(z)?
-3
Let i(x) = -211*x + 216*x - 7 + 16. Let c(n) = 10*n + 20. Let b(p) = -4*c(p) + 9*i(p). Give b(-4).
-19
Let p(h) = h**3 - 7*h**2 + 4*h + 4. Let i be (-4)/((-1 - -1) + 1). Let n = i - -9. Suppose -s = -n*m + 29, -2*m + 2*s = -2*s - 8. What is p(m)?
-8
Suppose 2*y = -4*y + 6. Let m(u) = 0*u**3 - 3*u**3 + 60*u - 61*u. What is m(y)?
-4
Let s(o) be the third derivative of -o**6/120 + o**5/30 - o**4/8 + o**3/3 + 130*o**2. Give s(1).
0
Let i(t) = t**2 - 4*t + 3. Let j(k) = 1. Let l(o) = i(o) + 2*j(o). Let q(r) = -r - 18. Let x be q(-23). Suppose -3*p + 7 = -5, -x*w = -3*p - 8. Calculate l(w).
5
Let w(o) = o**3 + 11*o**2 - 14*o - 20. Let h be 15/3 - 2/4*34. Give w(h).
4
Let l(s) = -s**2 - 17*s + 15 - 28 + 31*s. Calculate l(10).
27
Let g(f) = -20*f + 4. Let t(m) = 7*m - 1. Let u(a) = 6*g(a) + 17*t(a). Determine u(3).
4
Let y(v) be the third derivative of -v**5/60 - 3*v**4/8 + v**3 + v**2 - 166*v. Determine y(-9).
6
Suppose 298 = 22*y - 20*y. Let o = y + -146. Let k(i) = -3*i**3 - 2*i**2 + 6*i**3 - 3*i - 4 - 2*i**3. Determine k(o).
-4
Let a = -16 + 21. Let z(n) = 4*n**2 + 4*n. Let u(k) = 7*k**2 + 8*k + 1. Let i(x) = a*z(x) - 3*u(x). Calculate i(-2).
1
Let u(s) = 0 + 2*s**2 + 4*s - 6*s**2 + 3. Suppose 458 = -23*o + 412. Determine u(o).
-21
Let q(o) = -o**2 - 6*o + 2. Suppose 0 = h - 5*h + 5*d + 170, -2*d = -h + 41. Suppose 0 = 3*m - 30 + h. Give q(m).
7
Let m(q) = -2*q**2 + q + 1. Let i(b) = b**3 - 2*b**2 - 3*b + 2. Let l = -29 + 32. Let r be i(l). What is m(r)?
-5
Let t = -40 + 42. Let h(s) = -7*s**2 + 2 + s**2 + 8*s + 0*s + 5*s**t. Suppose 3*i - 35 = -2*i. Give h(i).
9
Let r(p) = -4*p**3 + 2*p**2 + 3*p - 3. Let z = 158 + -156. Give r(z).
-21
Let f = 0 - -5. Let c be 24/f - 6/(-30). Let j(x) be the first derivative of -x**4/4 + 2*x**3 - 3*x**2/2 - 4*x - 4. What is j(c)?
6
Let q(v) be the first derivative of v**2 + 0*v + 28 + 1/3*v**3. Calculate q(-3).
3
Let s(y) be the first derivative of -y + 0*y**3 + y**2 - 7/4*y**4 + 2. Let f be s(1). Let z(b) = -b**2 - 3*b + 2. What is z(f)?
-16
Let p(m) = -m**3 + 16*m**2 + m - 23. Let t be p(16). Let f(a) = a**3 + 8*a**2 + 4*a - 11. Let b be f(t). Let c(i) = -i + 3. Determine c(b).
-7
Suppose 0*z = -3*z. Let d = 0 + z. Let h(c) = c**3 - 3*c**2 - 9*c - 4. Let w(q) = q**3 - 4*q**2 - 11*q - 4. Let b(v) = -5*h(v) + 4*w(v). Determine b(d).
4
Let i(a) = a - 2. Let y be 0*(-2)/4*12/(-48). What is i(y)?
-2
Let l(v) = -2*v - 1. Suppose 4*r - 3*r - 28 = 0. Let i = r - 7. Let j be 2/(-6) + 91/i. Calculate l(j).
-9
Let o(p) = p**3 - 2*p**2 + 2*p - 3. Let y be ((-15)/4)/(5/(-120)*1). Let r be y/12*4/10. Determine o(r).
12
Let d(k) = 4 - 8455*k**3 - 2*k**2 + 4*k + 8456*k**3 + 7*k**2. Let c(w) = w**2 - 5*w - 1. Let h be c(4). Give d(h).
-16
Let q(u) = -u**2 - 5*u + 3. Suppose -11*d + 52 = 107. Give q(d).
3
Let s(g) = 11*g. Let m(t) = t. Let j(z) = -2*m(z) - s(z). Suppose 1150*x - 1157*x = -7. Give j(x).
-13
Let t be (12/(-16))/((-12)/32). Let d(s) = -5*s + t + 9*s - 8*s. Calculate d(-2).
10
Let n(h) = -h**2 + h + 30. Let p be 1 + -4 + -15 + 24. What is n(p)?
0
Suppose 0 = -7*q + 16 - 2. Let s(g) be the first derivative of -5*g + 11*g + q*g - g**2 - 5*g + 1. Determine s(2).
-1
Let o(a) = -2*a + 16. Let y = -547 + 557. What is o(y)?
-4
Let l be (-4)/(-16) + (-1)/4*49. Let y(k) = k**3 + 11*k**2 - 12*k + 8. Determine y(l).
8
Let j(d) be the first derivative of d**2/2 + 5*d + 7. Give j(-10).
-5
Let a(m) = 3*m - 4. Let g(z) be the first derivative of -4*z**2 + 11*z - 19. Let i(p) = -11*a(p) - 4*g(p). Calculate i(-2).
2
Let n = -696 - -700. Let k(o) be the second derivative of 5/6*o**3 + o**2 - 6*o + 1/12*o**n + 0. Determine k(-4).
-2
Let u = -566 + 562. Let x(t) = t**2 + 3*t - 3. Give x(u).
1
Let t(k) = -k**2 + 11*k - 35. Suppose 2*i - 14 = d, -2*i = d + 4*d + 10. Give t(i).
-5
Let b(g) = 9*g + 11. Let q(k) = 4*k + 5. Let p(v) = 6*b(v) - 13*q(v). Suppose -2*j - 3*s - 3 = j, -3*s - 9 = -3*j. Calculate p(j).
3
Let v(i) be the second derivative of -i**3/3 + 7*i**2 + 83*i. Calculate v(6).
2
Let x(q) = -q**2 - q + 16. Let g be x(-5). Let r be 1/2*g/(-1). Let u(h) = -r*h - 1 + 4*h + 5 - h. Determine u(-6).
-2
Let x(h) = 5*h**3 - 4*h - 7*h**3 + 3*h**3 - 3*h**2 + 1. Let v(y) = 2*y - 28. Let z be v(16). What is x(z)?
1
Let h = 1473 + -1477. Let u(v) = v - 2. Let o be u(4). Let q(x) = -1 - 3*x + 1 - x**o. Calculate q(h).
-4
Let s be -2 + 3 - 2 - (-4 + 7). Let u(a) = -2*a - 7. Give u(s).
1
Let t(q) = -q + 3. Let k(p) = -2*p + 16. Let j(g) = -k(g) + t(g). Calculate j(11).
-2
Let g be 3/(-5) - 26/(-10). Let x(q) = 1 + 6*q + 0*q - 2*q**g - 5 + q**2. Let j be -2*(-2 + -2) - (2 - -1). What is x(j)?
1
Suppose -3*n + 7*n - 3*o = 0, 5*n + 11 = o. Suppose -3*z + 4 = 5*h - 6, -3*h + 4*z = -6. Let l(i) = -4 + 0*i**h - 2*i**2 - 7*i + i**2. What is l(n)?
8
Let h(c) = -5*c**2 + c. Let m = -15 + 14. Let x(r) = -6*r**3. Let f be x(m). Let o be f/(-2) - (-11 + 9). Determine h(o).
-6
Suppose 0 = -2*h + o + 10 - 0, 0 = 3*h + 5*o + 11. Let d(m) = m**h - m - 4*m**2 + 3*m + m. Let l = -6 - -8. Calculate d(l).
-2
Let h(f) = 7*f + 2 - 17*f**3 + 1 + 16*f**3 - 4*f**2 + 8. Determine h(-5).
1
Let c be (-76)/(-120) + 1 + (-119)/105. Let w(t) be the first derivative of -4 - 3*t + c*t**2. What is w(5)?
2
Let n(m) = -m. Let y(o) = 2*o - 1. Let i(u) = 4*n(u) + y(u). Let x(q) = -q - 1. Let z(k) = -6*i(k) + 13*x(k). Give z(-3).
-4
Let t = 24 + -26. Let y be (-5)/t*8/(-5). Let r(f) = -f**3 - 4*f**2 + 4*f - 5. Let w(x) = -x**3 - 4*x**2 + 5*x - 6. Let q(o) = -7*r(o) + 6*w(o). Determine q(y).
-9
Let i(o) = -o**3 - 6*o**2 - 2*o + 3. Let r(d) = 4*d - 5*d + 0 + 6. Let a be (42/24 - -1)/(2/8). Let t be r(a). Calculate i(t).
-12
Let l = 837 + -838. Let t(h) = h**2 - 8*h**3 + 0*h**2 - 1 - 6*h**3. What is t(l)?
14
Let u(x) be the third derivative of -x**5/60 - x**4/3 - 11*x**3/3 + x**2 + 605. What is u(-6)?
-10
Let a(n) = -n**3 - 5*n**2 - 3*n + 2. Suppose -h - 4*j - 10 = 0, 0 = 4*h + h + 4*j - 30. Let i(v) = -9*v**2 + h*v**2 + 7*v + 3 + 4. Let l be i(-5). Give a(l).
-7
Let l(z) be the second derivative of 3/2*z**2 - 7*z - 1/3*z**3 + 0. What is l(2)?
-1
Let h(t) = 23*t**2 - 9*t + 3. Let c(f) = -48*f**2 + 19*f - 7. Let u(l) = 6*c(l) + 13*h(l). Give u(-2).
47
Let k(x) = -64*x**3 + 6*x**2 + 130*x**3 - 65*x**3 + 5*x - 4. Calculate k(-5).
-4
Let i(d) = -d**2 + 2*d - 3. Suppose 3*k - 2*k - 1 = 0. Let x(j) = -j - 3. Let p be x(k). Let z = p + 6. Calculate i(z).
-3
Let r(t) = -4*t + 7. Let n(d) = 9*d - 13. Let p(x) = 2*n(x) + 5*r(x). What is p(-7)?
23
Let r(j) be the third derivative of j**5/20 - j**3/3 + 2*j**2. Suppose -38 = 33*k - 104. Give r(k).
10
Let b(o) = -3*o**2 - 2*o + 1. Let a = 119 + -41. Suppose -4*h = -h - a. Let z = h - 25. Calculate b(z).
-4
Let n(q) = -6 + 3*q**2 - 7*q + 0*q**2 - 4*q**2. Let s be (-8)/(-36) + 124/9. Suppose -4*d - 2 = s. Give n(d).
6
Let j(f) be the second derivative of 2*f**3/3 + 12*f**2 + 65*f. What is j(-7)?
-4
Let o(f) = 17 - 34*f + 18 + 13 - 44 + 35*f. Let x = -1 - -7. Give o(x).
10
Suppose z - 4*z + 69 = 0. Let k(u) = 1 + 27*u**3 + z*u**3 - 4*u + 4*u**2 - 51*u**3. Give k(3).
-2
Let h(b) = -b**3 - 41*b**2 + 47